 5. Let l(i) = i + 8. Calculate l(f).
8
Let g(k) = k**3 + k**2 - k - 3. Let n be 1 + -1 + 2 + 13. Suppose 2*x + 11 = 1, -z + 3*x + n = 0. Give g(z).
-3
Suppose 3*q + 0 = -9. Let j(r) = 7*r - 4. Let a(v) = 2*v - v + v - 3*v + 1. Let z(h) = 6*a(h) + j(h). Determine z(q).
-1
Suppose -5*d + 16 = 2*z + 5, 0 = -3*d + 5*z + 19. Suppose -3*a - x - 4*x = -4, 0 = -d*a + 5*x + 14. Let o(k) = k**3 - 3*k**2 - 3*k - 3. Determine o(a).
-12
Let t(y) be the third derivative of y**5/60 + y**4/6 - y**2. Let q be 3 - (8 + (-6)/(-2)). Let g(n) = n**2 + 7*n - 11. Let c be g(q). Calculate t(c).
-3
Let t(c) = -c - 1. Let r(l) = -l**3 - 4*l**2 - 3*l - 3. Let f(v) = -r(v) + 4*t(v). Let d be 1*(-3 + 2 + 177). Let k be (-4)/(-10) + d/(-40). Calculate f(k).
3
Let b(t) = t**3 - t**2 - 4*t. Let z be (-6)/((-9)/(-3)) + 5. Suppose -2*u + u - z*s = -9, 0 = 2*s - 4. What is b(u)?
6
Let w(f) = -7*f + 3. Let d(i) = -35*i + 16. Let v = -12 + 23. Let y(q) = v*w(q) - 2*d(q). What is y(1)?
-6
Suppose c + z - 9 = 2*z, -4*c - 5*z = 0. Let u = -3 + c. Let t(y) = 2*y**3 - 3*y**2 + 3*y**2 - 4*y + 3. Calculate t(u).
11
Suppose 0 = 3*d - 14 + 5. Suppose -5*s - 28 = -5*x + 7, -2*x - 6 = d*s. Suppose 5*r - x = -13. Let a(t) = 2*t + 1. What is a(r)?
-3
Let c(g) = 5*g**2 + 1 + g - 2*g**2 - 2*g**2. Suppose 0*i + i = -3*m - 8, -m + 3*i = -4. Calculate c(m).
3
Suppose -3*t - 4 = -4*t. Let a(r) = -7*r + 5. Give a(t).
-23
Let c(u) = -u**3 - 4*u**2 - u + 3. Let t(r) = r**2 + 4*r + 2. Let n be t(-5). Let k(s) = s**3 - 8*s**2 + 8*s - 10. Let l be k(n). What is c(l)?
-3
Let j(o) = o + 4. Let d be j(-4). Let n be (d + 2 - 2) + -2. Let s(r) = -2 - r**2 - 1 - r**2 - 3*r. What is s(n)?
-5
Let l(j) = -j - 6. Let z be (-21)/(-5) - (-3)/(-15). Suppose z*h = -s - 28, 3*s + 4 = -8. What is l(h)?
0
Suppose -4*h + 10 = -2. Let c(r) = -2*r - 2*r**2 - 6 + 3*r + 9*r**2 - h*r**3 + 2*r**3. What is c(7)?
1
Suppose 2*l - 6*l - 16 = 0. Let c(z) = z - 4. Let p(a) = -a - 3. Let f(d) = -4*d - 9. Let y(j) = -2*f(j) + 7*p(j). Let g(v) = 3*c(v) - 4*y(v). Determine g(l).
4
Suppose 0 = -q - 0*g + 4*g - 17, 0 = -3*q + 4*g - 27. Let a(i) = -i**2 - 4*i. Give a(q).
-5
Let w(r) = 4*r - 3. Let u(c) = 1. Let a(y) = 2*u(y) + w(y). Let n(b) = -6*b**3 - 7*b**2 + 7*b + 3*b**3 + 4*b**3 - 4. Let g be n(6). Determine a(g).
7
Let o(l) = 6*l**2 - 10*l - 11. Let i(t) = -2*t**2 + 12*t + 13. Let d(j) = j**2 - 13*j - 14. Let x(n) = 3*d(n) + 4*i(n). Let g(s) = 6*o(s) + 7*x(s). Give g(-3).
4
Let z(p) = p**2 + 2*p - 3. Let j(t) = 2*t**2 + 4*t. Let d be j(-3). Suppose 3*u = 5*u + d. Give z(u).
0
Let a(j) = 0*j + j - 8 - j**2 - 10*j. Calculate a(-6).
10
Let k(t) = 5 + 2 - 8 - 2 + 2*t - t**2. Calculate k(2).
-3
Let o be ((-9)/2)/(3/4). Let x(a) = 0 + 0 - 7 - 2*a. Determine x(o).
5
Let i be 1*(0 + -1) - -3. Let g(a) = 2*a**3 - 2*a**2 + a - 1. Calculate g(i).
9
Let q(u) = 0 - 1 + 7*u - 4*u + 3. Determine q(-3).
-7
Let b(h) = -h**2 + 3*h - 1. Suppose 0 = 3*g - 6 - 12. Let o(x) = -x**3 + 6*x**2 + x - 5. Let q be o(g). Determine b(q).
1
Let c(v) be the second derivative of v**7/2520 - v**6/720 - v**4/4 + 2*v. Let j(r) be the third derivative of c(r). What is j(3)?
6
Let g(h) = 6*h - 1 - h**2 - 1 - 2. Let z be g(4). Let f(c) = 6*c. Let b(j) = j. Let n(y) = 4*b(y) - f(y). Determine n(z).
-8
Suppose 31 = 4*q - 3*x, -5*q + x - 5*x = -31. Let u(v) = 2*v - 9. Determine u(q).
5
Let r(g) = 7*g**2 + 2*g + 3. Let t(o) = -6*o**2 - 3*o - 4. Let j(f) = -3*r(f) - 2*t(f). Determine j(1).
-10
Suppose 4 = -n + 3*n. Let c(q) = -5 + q + 0*q + n*q - q. Calculate c(4).
3
Let l(u) be the first derivative of u**2 + 2*u - 23. Determine l(4).
10
Let r(s) = -3*s**2 + s - s**2 + 3*s**2 + 2 - 4*s**2. What is r(2)?
-16
Let i(j) = j**3 + 4*j**2 - 5*j + 3. Let n be i(-5). Let c be (4/n)/((-4)/(-6)). Let t(k) = -2*k + 2. What is t(c)?
-2
Let f(u) = u**3 - 4*u**2 + 3*u - 2. Let d be f(3). Let r(o) = -o**2 - o + 2. Determine r(d).
0
Let y(x) = -x + 1. Let u(h) = 9*h**2 - 6*h + 7. Let t(k) = u(k) - 6*y(k). Calculate t(1).
10
Let s(p) = 0*p + 0*p + 1 + p - 10. Determine s(6).
-3
Let q be -3 + 10 - (-8)/(-4). Let n(o) = -o**2 + 2*o. Calculate n(q).
-15
Let j(p) = -p - 3. Let c be j(-6). Let t(s) = s**2 + s - 4. Let g(o) = -8*o**2 - 2 - 3 + 9*o**2 + 2*o. Let d(b) = 5*g(b) - 6*t(b). Determine d(c).
2
Let k(g) = g**2 - 7*g + 6. Let a = -7 - -14. Let f = a + 7. Suppose 3*b - 1 - f = 0. Determine k(b).
-4
Suppose -6*q + 11*q = 20. Let r(u) = -26 - q*u + 26 + 7*u. Determine r(1).
3
Let z(y) = 9 + 2*y - 6 - y. What is z(3)?
6
Let w(t) = -5*t**3 - 9*t**2 - 8*t - 6. Let d(a) = -6*a**3 - 10*a**2 - 9*a - 7. Let z(v) = -6*d(v) + 7*w(v). Let l = 10 + 3. Suppose -4*h + l - 1 = 0. Give z(h).
-6
Let f(d) = -2*d + 2*d + 7*d. Let n(p) = -p + 4. Suppose -5 = 5*a - 30. Let y be n(a). What is f(y)?
-7
Let j(q) = -4 - 4*q**2 - 2 + q + 7*q**2 + 4. Let b(w) = -w**2 - w + 1. Suppose 3*r - 2*r = 4. Let u(o) = r*b(o) + j(o). What is u(-3)?
2
Let w(n) = -n**3. Let z(l) = -2*l**3 - 5*l**2 - 5*l - 5. Suppose -4*i + 23 = -3*j - 2*j, -2*i + 7 = -j. Let k(t) = j*w(t) + z(t). Determine k(6).
1
Let b(d) = -d + 1. Let t(g) = 3 - 2 + 4 - 7*g + g**2. Let i be t(6). Give b(i).
2
Let j(x) = -2*x**3 - x**2 + x - 1. Let m be -2*1*4/4. What is j(m)?
9
Let g(z) = z**3 + 6*z**2 + 6*z - 4. Suppose -1 = k - 4. Let j be (30/(-18))/(1/k). What is g(j)?
-9
Suppose 16 = g - 3*g. Let c = -5 - g. Let s(d) = -d**3 + 3*d**2 - d - 3. What is s(c)?
-6
Let n be (2/(-5))/(3/(-15)). Let k(j) = j**n + j**2 + 6 + 5*j - 4. Calculate k(-4).
14
Let f = 17 + -15. Let b(x) = -2*x**f - 2*x**2 - 6*x**2 + 3*x**2. Determine b(-1).
-7
Let s be 6/(-8)*(-1 - -9). Let u(q) = -6*q**2 + 7*q**2 + 3 - 2*q - 2*q**2 - 2*q. Give u(s).
-9
Let x(z) = z**2 + 4*z - 6. Let l = -16 + -4. Let f = 13 + l. Let p be (-74)/14 + (-2)/f. What is x(p)?
-1
Let o(w) = 2*w**3 + 7*w**2 + w. Let r(u) = 3*u**3 + 8*u**2 + u. Suppose 5*i = 58 - 23. Let x = 4 - i. Let q(f) = x*r(f) + 4*o(f). Give q(4).
4
Let b(d) = 2*d**2 - 28*d - 3*d**2 - 7 + 21*d. Calculate b(-5).
3
Let s(m) = 3*m**3 + 5*m**2 - 2*m - 4. Let h(p) = p**2 - 1. Let l(i) = -3*h(i) + s(i). Suppose 0 = -3*f + 6*f + 6. Determine l(f).
-13
Let g(m) = m**3 + 2 - m + 13*m**2 - 18*m**2 + m - 4*m. Give g(6).
14
Let y(f) = 4*f + 1. Let c(g) = -g. Let p be 1 - -2*(-2 + -1). Let r(t) = p*c(t) - y(t). Calculate r(-3).
-4
Suppose 4*k - 23 = 4*q - 9*q, 0 = -3*q + 2*k + 5. Let b(g) = 3 + g**2 - q*g**2 - 3*g - 4 - g. Suppose 3*y - 7*y = 2*w - 10, 0 = 5*y - 20. Determine b(w).
-7
Suppose -q - 3*v - 3 = 0, -4*q + 0*q + v - 12 = 0. Let h be 4/2 + (q - -3). Let p(u) = -2*u**3 + 2*u**2 + u. Calculate p(h).
-6
Let j(x) = 2*x**3 + 2*x**2 + x + 1. Suppose 0 = 4*a - 3 - 5. Suppose a*v = 3*v + 2. Determine j(v).
-9
Let f(z) = 4*z - 1. Let y be (-2)/14 - (-32)/28. Give f(y).
3
Let w(v) = -7*v**2 + v + 1. Let d = -3 - -7. Let f = 8 - d. Let p = 3 - f. Give w(p).
-7
Let d(b) = b**2 + 4*b + 2. Suppose 4*g = 13 - 5. Let q be ((-1)/(-1))/((-1)/(-23)). Suppose m = -4*i - q, 2*i - 2*m + 2 = -g. Give d(i).
7
Let q(j) = 5 - 9 - j - 1. What is q(-4)?
-1
Let z(c) = 2*c + 2. Let l = -2 + 4. Suppose -1 = 2*a + 4*n + 7, -l*n = 0. Determine z(a).
-6
Suppose 4*m - 6 - 10 = 0. Let i(u) = -u**2 + 6*u + 5. Let x = 11 + -7. Let d(j) = -j**2 + 5*j + 5. Let b(t) = x*i(t) - 5*d(t). What is b(m)?
7
Let o(s) = s**3 - s**2 + s + 3. Let g be 6/9*-6 - -4. Determine o(g).
3
Let n = 13 + -9. Let v(b) be the third derivative of 7*b**4/24 + 7*b**3/6 - 4*b**2. Let u(w) = 13*w + 13. Let x(m) = 6*u(m) - 11*v(m). Calculate x(n).
5
Let c = 93 - 84. Let b(o) = -o**2 + 10*o - 13. Give b(c).
-4
Let y(t) = 2*t**2 + 23*t + 15. Let a(w) = -w**2 - 11*w - 7. Let h(p) = 13*a(p) + 6*y(p). Let k(d) = d**3 - 5*d**2 + 3*d - 1. Let c be k(4). Determine h(c).
-1
Let z(m) = m**3 + 3*m**2 - 1. Let b be 2 - ((-6)/(-4))/(9/24). Determine z(b).
3
Let n = 18 + -16. Let h(q) = 2*q - q - 2*q - q**n + 2*q. What is h(1)?
0
Let s(w) = w**2 + 7*w. Let z be s(-8). Let t(b) = -4 + 3 - 6*b**2 + z*b**2 - 2*b**3 + 0. Suppose -j - q - 4 = -0*q, -4*j + q + 9 = 0. Determine t(j).
-1
Let g be (4/10)/(3/(-30)). Let n(x) = -7*x**3 + 3*x**2 - 3*x + 3. Let j(b) = -6*b**3 + 2*b**2 - 2*b + 3. Let w(u) = 6*j(u) - 5*n(u). What is w(g)?
7
Let z(p) be the third derivative of p**6/120 - p**5/30 - p**4/12 - p**3/6 + p**2. Let g be z(3). Let